{"id":193,"date":"2011-03-26T17:39:46","date_gmt":"2011-03-26T16:39:46","guid":{"rendered":"http:\/\/competenciesiepd.blog.pangea.org\/?page_id=193"},"modified":"2015-04-08T00:24:24","modified_gmt":"2015-04-07T22:24:24","slug":"planificacio-i-calendari","status":"publish","type":"page","link":"https:\/\/competenciesiepd.blog.pangea.org\/es\/projecte-competencies-i-epd\/planificacio-i-calendari\/","title":{"rendered":"Planificaci\u00f3n del proyecto y calendario de trabajo"},"content":{"rendered":"<p><\/p>\n<p><p>En aquesta secci\u00f3, pots consultar els diferents moments del projecte, els   objectius que es marquen i el calendari establert.<\/p>\n<p>Com saps, el projecte t\u00e9 tres grans moments que anomenarem Fase A,    Fase B i Fase C. A continuaci\u00f3 et detallem molt breument cada fase i el  seu   calendari. Si vols m\u00e9s informaci\u00f3 de les fases, o m\u00e9s detallada,  tamb\u00e9 pots   consultar la secci\u00f3 \u201cQu\u00e8 \u00e9s Compet\u00e8ncies i EpD?\u201d<\/p>\n<p><em><strong><img loading=\"lazy\" decoding=\"async\" src=\"http:\/\/edualter.galeria.pangea.org\/cache\/competencies-i-epd\/sessio-5-12-juliol-2011\/f-04-sessio-05-continguts-d-aprenentatge-d-epd-i-la-relacio-amb-les-competencies-basiques_695.jpg\" width=\"695\" height=\"463\" class=\"alignleft\" \/>Fase A (nov 2010- jul 2012)<\/strong><\/em><strong> <\/strong><\/p>\n<p>Creaci\u00f3 del grup de treball o   comunitat de participants per a  la construcci\u00f3 d&#8217;un marc te\u00f2ric i metodol\u00f2gic   de refer\u00e8ncia d&#8217;EpD.<\/p>\n<p><em> <\/em><\/p>\n<ul>\n<li>Construir i   compatir\u00a0 un marc te\u00f2ric i metodol\u00f2gic    de refer\u00e8ncia d\u2019EpD\u00a0 (des de l\u2019\u00e0mbit de   l\u2019ensenyament per compet\u00e8ncies  b\u00e0siques i des de la definici\u00f3 del camp   d\u2019actuaci\u00f3 de l\u2019EpD.<\/li>\n<li>Establir les necessitats formatives tant en l\u2019\u00e0mbit de    professionals de l\u2019educaci\u00f3 com a l\u2019\u00e0mbit de professionals de l\u2019\u00e0mbit  de les   ONG.<\/li>\n<\/ul>\n<p><em> <\/em><\/p>\n<p><em><a href=\"http:\/\/competenciesiepd.blog.pangea.org\/files\/2011\/03\/CALENDARI_compet\u00e8ncies_Educaci\u00f3_per_al_Desenvolupament.doc\" target=\"_blank\">Clica aqu\u00ed per veure el   calendari. <\/a><br \/>\n<\/em><\/p>\n<p><em> <\/em><\/p>\n<p><strong><em>Fase B (sept 2012- des 2012)<\/em><\/strong><\/p>\n<p><em> <\/em><\/p>\n<p>Concreci\u00f3 de propostes per incorporar al curr\u00edculum (mitjan\u00e7ant    tallers participatius i interaccions virtuals), l\u2019an\u00e0lisi d\u2019aquestes  propostes   i la redacci\u00f3 d\u2019un document previ que servir\u00e0 de guia per a  la tercera etapa.<\/p>\n<ul>\n<li>Identificar i seleccionar   propostes existents d\u2019EpD de les diferents etapes educatives.<\/li>\n<li>Analitzar les propostes   seleccionades en relaci\u00f3 al marc de refer\u00e8ncia constru\u00eft pel grup de treball.<\/li>\n<li>Redefinir i\/o proposar   propostes pedag\u00f2giques d\u2019acord amb el marc te\u00f2ric-metodol\u00f2gic del grup de   treball.<\/li>\n<\/ul>\n<p>Encara estem concretant el calendari d\u2019aquest moment del   projecte.<\/p>\n<p><em><strong> Fase C (gen 2013- des 2013)<\/strong><\/em><\/p>\n<p>Aplicaci\u00f3   i valoraci\u00f3 dels principis te\u00f2rics i metodol\u00f2gics del  programa Compet\u00e8ncies i   EpD en l\u2019\u00e0mbit de l\u2019educaci\u00f3 formal i no  formal.<\/p>\n<ul>\n<li>Experimentar les recomanacions del programa Compet\u00e8ncies  i EpD en   dos centres educatius (un de prim\u00e0ria i un de secund\u00e0ria).<\/li>\n<li>Assessorar al personal t\u00e8cnic d\u2019ONG en la creaci\u00f3 i  aplicaci\u00f3 de   material educatiu que fomenti els principis de l\u2019EpD.<\/li>\n<li> Valorar l&#8217;aplicaci\u00f3 de les recomanacions  te\u00f2rico-metodol\u00f2giques de   la guia per part del professorat i l&#8217;equip  d&#8217;elaboraci\u00f3 de la guia.<\/li>\n<li>Revisar i millorar la guia te\u00f2rico-metodol\u00f2gica   d&#8217;EpD.<\/li>\n<\/ul>\n<p>Encara estem concretant el   calendari d\u2019aquest moment del projecte.<\/p>\n<\/p>\n<p><\/p>","protected":false},"excerpt":{"rendered":"<p>En aquesta secci\u00f3, pots consultar els diferents moments del projecte, els objectius que es marquen i el calendari establert. Com saps, el projecte t\u00e9 tres grans moments que anomenarem Fase A, Fase B i Fase C. A continuaci\u00f3 et detallem molt breument cada fase i el seu calendari. Si vols m\u00e9s informaci\u00f3 de les fases,&hellip;&nbsp;<a href=\"https:\/\/competenciesiepd.blog.pangea.org\/es\/projecte-competencies-i-epd\/planificacio-i-calendari\/\" rel=\"bookmark\">Leer m\u00e1s &raquo;<span class=\"screen-reader-text\">Planificaci\u00f3n del proyecto y calendario de trabajo<\/span><\/a><\/p>\n","protected":false},"author":705,"featured_media":0,"parent":73,"menu_order":3,"comment_status":"open","ping_status":"open","template":"","meta":{"neve_meta_sidebar":"","neve_meta_container":"","neve_meta_enable_content_width":"","neve_meta_content_width":0,"neve_meta_title_alignment":"","neve_meta_author_avatar":"","neve_post_elements_order":"","neve_meta_disable_header":"","neve_meta_disable_footer":"","neve_meta_disable_title":"","footnotes":""},"class_list":["post-193","page","type-page","status-publish","hentry"],"jetpack_sharing_enabled":true,"_links":{"self":[{"href":"https:\/\/competenciesiepd.blog.pangea.org\/es\/wp-json\/wp\/v2\/pages\/193","targetHints":{"allow":["GET"]}}],"collection":[{"href":"https:\/\/competenciesiepd.blog.pangea.org\/es\/wp-json\/wp\/v2\/pages"}],"about":[{"href":"https:\/\/competenciesiepd.blog.pangea.org\/es\/wp-json\/wp\/v2\/types\/page"}],"author":[{"embeddable":true,"href":"https:\/\/competenciesiepd.blog.pangea.org\/es\/wp-json\/wp\/v2\/users\/705"}],"replies":[{"embeddable":true,"href":"https:\/\/competenciesiepd.blog.pangea.org\/es\/wp-json\/wp\/v2\/comments?post=193"}],"version-history":[{"count":16,"href":"https:\/\/competenciesiepd.blog.pangea.org\/es\/wp-json\/wp\/v2\/pages\/193\/revisions"}],"predecessor-version":[{"id":18547,"href":"https:\/\/competenciesiepd.blog.pangea.org\/es\/wp-json\/wp\/v2\/pages\/193\/revisions\/18547"}],"up":[{"embeddable":true,"href":"https:\/\/competenciesiepd.blog.pangea.org\/es\/wp-json\/wp\/v2\/pages\/73"}],"wp:attachment":[{"href":"https:\/\/competenciesiepd.blog.pangea.org\/es\/wp-json\/wp\/v2\/media?parent=193"}],"curies":[{"name":"wp","href":"https:\/\/api.w.org\/{rel}","templated":true}]}}

Planificación del proyecto y calendario de trabajo

<p></p>
<p><p>En aquesta secció, pots consultar els diferents moments del projecte, els   objectius que es marquen i el calendari establert.</p>
<p>Com saps, el projecte té tres grans moments que anomenarem Fase A,    Fase B i Fase C. A continuació et detallem molt breument cada fase i el  seu   calendari. Si vols més informació de les fases, o més detallada,  també pots   consultar la secció “Què és Competències i EpD?”</p>
<p><em><strong><img loading="lazy" decoding="async" src="http://edualter.galeria.pangea.org/cache/competencies-i-epd/sessio-5-12-juliol-2011/f-04-sessio-05-continguts-d-aprenentatge-d-epd-i-la-relacio-amb-les-competencies-basiques_695.jpg" width="695" height="463" class="alignleft" />Fase A (nov 2010- jul 2012)</strong></em><strong> </strong></p>
<p>Creació del grup de treball o   comunitat de participants per a  la construcció d&#8217;un marc teòric i metodològic   de referència d&#8217;EpD.</p>
<p><em> </em></p>
<ul>
<li>Construir i   compatir  un marc teòric i metodològic    de referència d’EpD  (des de l’àmbit de   l’ensenyament per competències  bàsiques i des de la definició del camp   d’actuació de l’EpD.</li>
<li>Establir les necessitats formatives tant en l’àmbit de    professionals de l’educació com a l’àmbit de professionals de l’àmbit  de les   ONG.</li>
</ul>
<p><em> </em></p>
<p><em><a href="http://competenciesiepd.blog.pangea.org/files/2011/03/CALENDARI_competències_Educació_per_al_Desenvolupament.doc" target="_blank">Clica aquí per veure el   calendari. </a><br />
</em></p>
<p><em> </em></p>
<p><strong><em>Fase B (sept 2012- des 2012)</em></strong></p>
<p><em> </em></p>
<p>Concreció de propostes per incorporar al currículum (mitjançant    tallers participatius i interaccions virtuals), l’anàlisi d’aquestes  propostes   i la redacció d’un document previ que servirà de guia per a  la tercera etapa.</p>
<ul>
<li>Identificar i seleccionar   propostes existents d’EpD de les diferents etapes educatives.</li>
<li>Analitzar les propostes   seleccionades en relació al marc de referència construït pel grup de treball.</li>
<li>Redefinir i/o proposar   propostes pedagògiques d’acord amb el marc teòric-metodològic del grup de   treball.</li>
</ul>
<p>Encara estem concretant el calendari d’aquest moment del   projecte.</p>
<p><em><strong> Fase C (gen 2013- des 2013)</strong></em></p>
<p>Aplicació   i valoració dels principis teòrics i metodològics del  programa Competències i   EpD en l’àmbit de l’educació formal i no  formal.</p>
<ul>
<li>Experimentar les recomanacions del programa Competències  i EpD en   dos centres educatius (un de primària i un de secundària).</li>
<li>Assessorar al personal tècnic d’ONG en la creació i  aplicació de   material educatiu que fomenti els principis de l’EpD.</li>
<li> Valorar l&#8217;aplicació de les recomanacions  teòrico-metodològiques de   la guia per part del professorat i l&#8217;equip  d&#8217;elaboració de la guia.</li>
<li>Revisar i millorar la guia teòrico-metodològica   d&#8217;EpD.</li>
</ul>
<p>Encara estem concretant el   calendari d’aquest moment del projecte.</p>
</p>
<p></p>

<p>En aquesta secció, pots consultar els diferents moments del projecte, els objectius que es marquen i el calendari establert. Com saps, el projecte té tres grans moments que anomenarem Fase A, Fase B i Fase C. A continuació et detallem molt breument cada fase i el seu calendari. Si vols més informació de les fases,&hellip;&nbsp;<a href="https://competenciesiepd.blog.pangea.org/es/projecte-competencies-i-epd/planificacio-i-calendari/" rel="bookmark">Leer más &raquo;<span class="screen-reader-text">Planificación del proyecto y calendario de trabajo</span></a></p>
